. Calculate the remainder when i is divided by f.
13
Suppose 59 = -c + 76. What is the remainder when c is divided by 3?
2
Let i = -65 - -112. Calculate the remainder when i is divided by 24.
23
Let r = -73 - -204. Calculate the remainder when r is divided by 33.
32
Let k(n) = n**3 - 5*n**2 - 4*n - 7. Let o be k(6). Suppose 0 = -o*h + 2 + 3. What is the remainder when 3 is divided by h?
0
Suppose -38 = -2*l + r, 0 = 2*l + 3*r - 10 - 12. Calculate the remainder when 32 is divided by l.
15
Suppose 4 = -5*u + u. Suppose r + 0*r = 1. Calculate the remainder when 13*r - (-1 - u) is divided by 7.
6
Let p = -8 + -55. Let h = p - -91. What is the remainder when h is divided by 10?
8
Let r(g) = -g**2 + 12*g. What is the remainder when 29 is divided by r(11)?
7
Suppose 0*a + 4*a = 5*s + 1, -2*a = -3*s + 1. Let m = -7 + 7. Suppose -s*x + 6 + 15 = m. Calculate the remainder when 13 is divided by x.
6
Suppose -4*a + 72 = -0*a. Let n = a - 7. Calculate the remainder when n is divided by 7.
4
Let h be (-4)/3*12/(-8). Let f be (0 + h)/((-1)/(-2)). Suppose u + 4*a - 15 = f, -2*a = -u + 19. Calculate the remainder when u is divided by 7.
5
Let r = -7 - -12. Calculate the remainder when (-3 - 31)*(-3)/6 is divided by r.
2
Let t(p) = -p**2 + p + 2. Let x be t(-2). Let n = 14 + x. Calculate the remainder when 18 is divided by n.
8
Let h be (-3)/((-12)/76) + -1. What is the remainder when (-81)/h*(-12)/2 is divided by 7?
6
Let r = -2 - -53. Calculate the remainder when r is divided by 16.
3
Let o = 129 - 83. Suppose 5*g = 7*g + 78. Let m = -23 - g. What is the remainder when o is divided by m?
14
Suppose -q + 64 = -41. Let u = q - 24. What is the remainder when u is divided by 21?
18
Let j(d) = d + 4. Let n(r) = -2*r - 6. Let w be n(-6). Let t = 10 + w. Calculate the remainder when t is divided by j(5).
7
Let g = 14 - 11. Let r = -13 - -27. Suppose r = 2*l + 3*t + t, 9 = 5*l - 3*t. Calculate the remainder when l is divided by g.
0
Let w(g) = -4*g - 3. Calculate the remainder when (8/20)/((-2)/(-70)) is divided by w(-2).
4
Let o be 0 - 3/((-6)/(-14)). Let m(w) be the third derivative of w**4/24 + 5*w**3/3 + 3*w**2. Calculate the remainder when 5 is divided by m(o).
2
Let c = 9 - 3. Calculate the remainder when 15 is divided by c.
3
Suppose -63 = -h - 0*h. What is the remainder when h is divided by (-96)/(-20)*(-30)/(-9)?
15
What is the remainder when (-36)/(-48) - (-106)/8 is divided by 4?
2
Let z(k) = k. Calculate the remainder when 24 is divided by z(5).
4
Suppose 2*k = -3*k + 265. What is the remainder when k is divided by 14?
11
Let a be (-8)/(-6)*99*1. Suppose -5*f + 136 = -2*k, -4*k - a = -6*f + f. Calculate the remainder when f is divided by 15.
13
Suppose -3*m + 2*d = 3*d - 89, 3*d = m - 43. What is the remainder when 119 is divided by m?
26
Let x(k) = -14*k**2 + 1. Let f be x(-1). Let u(s) = s**2 + 12*s - 9. What is the remainder when 6 is divided by u(f)?
2
Suppose -1 = -2*t - 5. Let n = -7 - -10. What is the remainder when (-26 - n)*(1 + t) is divided by 10?
9
Let b = 3 - 8. Let q = 6 - b. Calculate the remainder when 41 is divided by q.
8
Let o(l) = l**3 - 7*l**2 + 9*l - 7. Let s = 6 + -2. Suppose -v = -4*r + s*v + 65, 6 = 2*v. What is the remainder when r is divided by o(6)?
9
Suppose -3*z + 15*z = 1464. What is the remainder when z is divided by 18?
14
Let t(x) = x**3 + 5*x**2 - 7*x - 4. Calculate the remainder when t(-5) is divided by 16.
15
Let z = 12 + 3. Let f(b) = 0*b - 1 + b + 28*b**2 - 25*b**2. Calculate the remainder when f(3) is divided by z.
14
Let t(f) = f**3 - 5*f**2 - 6*f + 4. Let c be t(6). Suppose 4 = c*h - 3*q, -3*h - 4*q + 1 = -2. What is the remainder when 23 is divided by (-1)/(((-2)/24)/h)?
11
Suppose -9*z = -10*z + 5*p + 21, -5*z + 186 = 2*p. Calculate the remainder when 67 is divided by z.
31
Let o(d) = 17*d + 2. What is the remainder when o(5) is divided by 1/1 + 1 - -20?
21
Let c(s) = s**3 - 6*s**2 - 8*s + 4. Let l be c(7). Calculate the remainder when -6*-2*51/12 is divided by (30 - (l - -4)) + -3.
25
Calculate the remainder when 0 + 0 + (0 - -55) is divided by 3 + ((-324)/(-3))/4 + -1.
26
Let g = -4 + 16. Suppose -4*t + 22 + 1 = n, 3*t = g. What is the remainder when n is divided by 2?
1
What is the remainder when 18 is divided by (2 - (-38)/(-4))*4/(-6)?
3
Let g(t) = -t + 21. Calculate the remainder when 91 is divided by g(-4).
16
Suppose -w + 2*w - 17 = 0. What is the remainder when w is divided by 5?
2
Suppose 3*w + 0*w - 30 = 0. Suppose -5*h - w + 95 = 0. What is the remainder when h is divided by 6?
5
Let t be 1/(-4) - (-69)/4. Suppose -4*i = -51 - t. What is the remainder when i is divided by 6?
5
Let o = 37 - -62. What is the remainder when o is divided by 17?
14
Let a be 2 - (-1 + -1 - 1). What is the remainder when ((-4)/a)/(10/(-175)) is divided by 8?
6
Let b(s) = -2*s**3 - 6*s**2 - 7*s - 5. What is the remainder when b(-4) is divided by 29?
26
Suppose -3*h = -6*h + 2*q + 36, -h - 2 = 4*q. Suppose -4*p - 6*f = -2*f - 160, -f = -5*p + 182. What is the remainder when p is divided by h?
7
Calculate the remainder when 131 is divided by 1870/68*4/5*1.
21
Suppose -4*b + 34 = 5*m, 3*m - 4 = m. Suppose b*g = -5*f + g + 70, -2*f = -2*g - 40. What is the remainder when f is divided by (-70)/21*(-9)/5?
5
Let l(t) = -t**3 - 7*t**2 - 2*t + 1. Let s be l(-7). Let n = s + -8. Suppose n*w - 4*w - 6 = 0. Calculate the remainder when 3 is divided by w.
1
Suppose -78 = -2*i + 12. Calculate the remainder when i is divided by 16.
13
Let t be 0 + -85*(-4 - -3). Suppose t = 4*d - 23. What is the remainder when 106 is divided by d?
25
Let u be 3 + (3 - (-26)/(-2)). Let s = -2 - u. Calculate the remainder when 18 is divided by s.
3
Suppose -24*j + 27*j = 30. Calculate the remainder when 27 is divided by j.
7
Let n(t) = -2*t + 3. Let o = -8 - -3. Calculate the remainder when n(o) is divided by 7.
6
Let m = 48 - 13. Let v(u) = -2 - u**3 + 11 + 10*u**2 + 3. What is the remainder when m is divided by v(10)?
11
Suppose g = -y - 17, -2*g + 8 - 66 = 4*y. What is the remainder when (1/2)/((-2)/y) is divided by 1?
0
Suppose 2*g + 303 = 5*w, -8*w - 3*g + 247 = -4*w. Calculate the remainder when w is divided by 21.
19
Let z(a) = -8*a - 8. Let w be z(-6). Suppose 5*l - 4 - 14 = -3*k, 4*k + w = 4*l. Calculate the remainder when l is divided by 2.
0
Let k(h) = 6*h - 11. Calculate the remainder when k(6) is divided by 15.
10
Suppose a = 3*t - 81, 2*t - 25*a = -22*a + 54. Calculate the remainder when t is divided by (-4)/(-6) - (-19)/3.
6
Suppose 3*s = -2*d + 33, -d + 0*s - 4*s = -19. Suppose -17 = 4*g + d. Calculate the remainder when (g/(-5))/(1/5) is divided by 3.
2
Let l(o) = -o**2 + 7*o + 4. Suppose -4 = -r - 3. Suppose -3*u = -19 + r. What is the remainder when l(6) is divided by u?
4
Let h(l) be the second derivative of -l**4/12 + 5*l**3/3 + 5*l**2/2 + 4*l. Calculate the remainder when h(8) is divided by 11.
10
Let d = 12 - -7. Let i = -1 + 8. What is the remainder when d is divided by i?
5
Suppose 8*a + 173 = 3*y + 4*a, -y + 43 = -5*a. What is the remainder when y is divided by 11?
8
Let z(r) = -3*r + 8. What is the remainder when 21 is divided by z(0)?
5
Suppose 12 = 3*x + 3*d, -2*x + 5*d + 16 = -x. What is the remainder when (32/(-2))/(x - 8) is divided by 3?
2
Let b(p) = -p**2 - 15*p - 10. Let x be 2/8 - (-23)/4. Let a = x - 15. What is the remainder when b(a) is divided by 15?
14
Suppose f - 5*j + 13 = 0, 3*f - 7 = 4*f - 3*j. Suppose -f*o - 20 = -4*o. What is the remainder when 47 is divided by o?
7
Let u = -110 - -202. Calculate the remainder when u is divided by 31.
30
Let o = 47 - 25. Suppose -1161 = -17*c - 10*c. What is the remainder when c is divided by o?
21
Let c = -3 - -14. What is the remainder when 19 is divided by c?
8
Let u(j) = j + 8. Calculate the remainder when 48 is divided by u(9).
14
Let s = 6 + -6. Let x be 89 + -1*(s - -1). Suppose r + 3*r - x = 3*b, 0 = -4*r - 3*b + 64. What is the remainder when 37 is divided by r?
18
Calculate the remainder when 46 is divided by 7*2 - (3 - 5).
14
Suppose 3 = 3*z - 2*z. Suppose 0 = -2*l - z*l + 50. Calculate the remainder when 28 is divided by l.
8
Calculate the remainder when 1551/22 + 3/(-2) is divided by 18.
15
Let y(f) = -f**2 - 7*f - 8. Let u(l) = -1. Let z(d) = -6*u(d) + y(d). W